and 14?
2
Let o be (-1)/(-5) - 42/(-15). Suppose 2*r + o*d = 68, 8 = d + d. Calculate the highest common factor of 112 and r.
28
Let o = -77 + 217. Calculate the highest common divisor of 14 and o.
14
Let a be (-2 + 0)/(3/(306/(-12))). Calculate the greatest common divisor of 17 and a.
17
Suppose 3*n = -2*q - 2*q + 18, 0 = -5*q + 3*n + 9. Let d be (-2)/(q/6*4). Let z be ((-351)/18)/(d/12). What is the highest common divisor of 26 and z?
26
Suppose 13 = 5*f + 3. Let b(r) = 0*r + 2*r + 0 - 1. Let a be b(1). What is the highest common factor of f and a?
1
Let t = -12 + 9. Let d(m) = 2*m**2 - 2*m. Let w be d(t). What is the greatest common divisor of 3 and w?
3
Suppose 0 = 3*s + 36 - 0. Suppose 5*g - 60 = 35. Let y = s + g. Calculate the greatest common factor of y and 49.
7
Suppose 2*b - 3*i - 2*i - 21 = 0, -4*b + 56 = 4*i. Suppose 0*z = -4*z - 5*f - 34, 5*f + 4 = z. Let k = b + z. Calculate the highest common divisor of k and 14.
7
Suppose 4*g - 261 = -5*z + 21, 0 = 2*g - 2*z - 132. Let x = 118 - g. What is the highest common divisor of x and 10?
10
Suppose 2*c = -8 + 4. Let d be c/8 + 52/16. Calculate the greatest common divisor of d and 1.
1
Let r be (-9)/15 + 432/45. What is the highest common divisor of r and 45?
9
Let m be (72/10)/(2/55). What is the highest common divisor of m and 18?
18
Suppose 2*s - 32 = -3*z, 5*z + 0*z - 58 = -s. Suppose -1 - z = -b. What is the highest common divisor of 104 and b?
13
Let d be 4/18 - 88/(-9). Let t(c) = -c + 24. Let n be t(d). Let u = -1 + 3. What is the highest common divisor of u and n?
2
Let d(p) = -p + 6. Let n be d(-12). Calculate the highest common divisor of 12 and n.
6
Suppose -3*k + 2*c = -55, -35 = -3*k - 0*k - 2*c. Let r = -8 + 11. Let y(h) = h**2 - 2*h + 2. Let o be y(r). Calculate the highest common divisor of o and k.
5
Suppose 3*g - 5*h - 156 - 156 = 0, 3*g = h + 300. What is the highest common factor of 9 and g?
9
Let l = -10 - -16. Let g be (-664)/(-30) - l/45. What is the greatest common factor of g and 11?
11
Suppose 5*g - 6*g = -33. Let n = 65 - g. What is the greatest common divisor of n and 8?
8
Let z be 38/((-9)/(-15) + 68/(-180)). Calculate the highest common divisor of z and 19.
19
Suppose -4*u = 5*d - 4 - 89, -2*u + 38 = 2*d. Suppose -p + 2*h + 148 = -h, -3*p + 2*h + 416 = 0. Calculate the highest common factor of d and p.
17
Let q(d) = 6*d**2 - d - 1. Let t be q(-2). What is the greatest common divisor of 50 and t?
25
Let j = 0 + 10. Suppose -4*b + 2*y + 2*y + 500 = 0, 0 = -2*y - j. What is the highest common divisor of b and 24?
24
Suppose -9 = -4*j + j. Calculate the highest common divisor of j and 21.
3
Let d = 5 - -3. Suppose -5*u + 13 = -267. What is the highest common divisor of u and d?
8
Suppose 0 = -3*p - p. Suppose p = 2*n + 4 + 4, g - 2*n - 13 = 0. Suppose -373 = -g*c - 58. What is the greatest common divisor of 9 and c?
9
Let c = -312 - -42. Let d be (2/6)/((-9)/c). What is the greatest common factor of d and 40?
10
Let i = 36 - 16. Suppose g = 3*g - 160. Suppose -l + 0*l = -g. Calculate the highest common factor of l and i.
20
Let b = 132 + -48. Calculate the greatest common factor of 42 and b.
42
Let b = 25 - 12. Let u(k) be the second derivative of 13*k**4/6 - k**3/6 - k**2/2 - k. Let p be u(-1). Calculate the highest common factor of b and p.
13
Let b be 13 - 5/((-20)/8). What is the highest common divisor of 15 and b?
15
Let h(x) = -x**3 - 3*x**2 + 4*x + 8. Let y be h(-7). Suppose -13*b + 16 = c - 10*b, 118 = 5*c - 4*b. Calculate the greatest common divisor of y and c.
22
Let b be 3 + -3 + 41 + 0. Suppose 0 = o + 5 - b. Let q = 20 + -8. Calculate the greatest common divisor of o and q.
12
Let j(p) = p**2 - 5*p. Let k be j(7). Suppose -2*m + 7 = -m + 4*u, -5*m = -u - k. Suppose -3 - 3 = -b. Calculate the highest common divisor of m and b.
3
Let v be 4/(-6)*((-1 - 4) + -157). Suppose u = -3 + 5. Suppose 0 = -q - 3, v = d + u*d - q. What is the greatest common factor of 7 and d?
7
Suppose -15 - 10 = -5*r. Suppose 0*x = -4*x - 72. Let u be (2 - x)*11/4. Calculate the greatest common divisor of u and r.
5
Let t(p) = p + 25. Let l be t(-9). What is the highest common divisor of 40 and l?
8
Let w(s) = -s**3 + 6*s**2 + 2. Let m be w(6). Calculate the greatest common divisor of 26 and m.
2
Let p = -17 - -45. Let v = -516 + 586. Calculate the greatest common divisor of v and p.
14
Suppose l - 2 = 1. Let w(z) = -z + 7. Let c be w(4). Suppose 0 = -s + c - 0. Calculate the greatest common factor of s and l.
3
Let y = 0 + 2. Suppose r - 24 = y*w, 4*r + 4*w - 89 = 7. Let h be (-3)/12 + (-25)/(-4). What is the highest common divisor of r and h?
6
Let o = 40 + -27. What is the highest common divisor of o and 26?
13
Let n = 34 - -26. Calculate the highest common divisor of n and 40.
20
Let l be (-11 - -15)/(-2 + (-264)/(-130)). Calculate the highest common factor of l and 26.
26
Let l(q) = -q**3 - 2*q**2 - 4. Let d be l(-3). Suppose 0 = -d*v + 7*v - 14. What is the highest common divisor of v and 1?
1
Let l(z) = -38*z + 42. Let j be l(-7). Calculate the highest common divisor of j and 28.
28
Let b = -97 + 192. Calculate the highest common factor of b and 19.
19
Let b = -180 - -315. What is the greatest common divisor of 15 and b?
15
Suppose -2*g + 2*b + 13 - 1 = 0, -3*g + 2*b = -15. Let h = 7 - g. Suppose h = -2*r + 16. Calculate the highest common factor of r and 6.
6
Let p be 0/(3*-1) - 0. Suppose -h - 6 + 4 = p. Let c be ((-2)/(-4))/(h/(-24)). What is the greatest common divisor of c and 42?
6
Suppose 7*j - 3*j = 88. What is the greatest common factor of 33 and j?
11
Suppose 0*a = -2*a + 162. What is the greatest common divisor of 27 and a?
27
Suppose -5*f - 3*l = -4*l - 26, 0 = 4*l - 16. Suppose -3*v = -0*v - f. Suppose 4*m = 94 - 30. What is the greatest common factor of m and v?
2
Let s be (-1*2 - -12)/1. Let h be ((-14)/3)/(s/(-15)). Calculate the highest common factor of h and 21.
7
Let n = -5 - -9. Let u be 0/(-2) - (-340)/n. Calculate the greatest common divisor of 17 and u.
17
Let v be 2/(41/20 - 2). Let z be (-1)/(-2 + 3)*-3. Suppose -5*b + b = -g + 20, 7 = 2*g + z*b. What is the highest common factor of g and v?
8
Let i be 4/2*(1 - 0). What is the highest common factor of i and 10?
2
Let q be -4 + 30/(6/2). Suppose -2*s + 2*y = 14, -4*s + 5*s + 2*y = 2. Let c = s + q. What is the greatest common factor of 20 and c?
2
Suppose 5*g - 7*g + 654 = 5*c, 0 = -3*g - 9. Let z = 0 + -5. Let i = 7 - z. Calculate the greatest common factor of c and i.
12
Let u be -26*(6/(-4) + 1). Suppose -22 = 2*h - 100. What is the greatest common divisor of h and u?
13
Suppose 10 = -6*z + 4*z. Let q = z + 2. Let u(r) = -3*r**3 + 2*r**2 + 2*r - 3. Let j be u(q). Calculate the highest common factor of j and 18.
18
Let s be 291/2*(-2 - -4). Let b = -186 + s. What is the highest common divisor of 42 and b?
21
Let w(g) = -g**3 + 5*g**2 - 2*g - 5. Let p be w(4). Suppose 2 - 6 = 4*h, -93 = -5*s + p*h. What is the highest common divisor of s and 27?
9
Let l(k) = k + 7. Let f be l(-5). Let c = f - 1. Suppose -5*h - c = 2*x + x, -20 = 4*h. What is the greatest common divisor of x and 4?
4
Suppose 0 = -n + 4 + 5. Let l be (-3)/(-3) + 4 + -14. Let o = l - -90. Calculate the highest common divisor of n and o.
9
Let q = -21 - -23. What is the greatest common divisor of 4 and q?
2
Suppose 0 = -2*k + 2*a + 294, 6 = -4*a - 6. Let n(y) = -y**2 + 6*y. Let z be n(6). Suppose z = l - 5*l + 64. Calculate the highest common factor of k and l.
16
Let c = -102 - -113. Suppose 0*l = -4*l + 44. What is the greatest common divisor of c and l?
11
Let h(u) = u**3 + 9*u**2 + 5*u - 3. Let o be h(-8). Calculate the highest common factor of o and 84.
21
Let r be 0 - -3 - 632/(-8). Calculate the greatest common factor of 41 and r.
41
Suppose 6*v = v + 140. Calculate the greatest common divisor of 7 and v.
7
Suppose 5*z = -5 + 20. Let l = z + -5. Let f be (-9)/2*l + 0. Calculate the greatest common factor of 27 and f.
9
Suppose 5*a = 0, 0*p - 2*p + 2*a + 20 = 0. Calculate the greatest common factor of p and 70.
10
Let j be (-2)/8 + 13/4. Suppose -t + 3*x = -7, 0 = -3*t - 0*x + j*x + 15. Calculate the greatest common factor of 6 and t.
2
Suppose 0 = -4*u + 4*d + 1 + 19, -3*d - 31 = -5*u. Suppose 5*n = 5*z - 30, -5*z - 2*n